. Let j(w) = 4*m(w) + 5*x(w). Let s be (((-40)/(-6))/(-10))/((-4)/66). What is j(s)?
-5
Let c(t) = t**2 - 2*t - 1. Suppose -3*q = -7*u + 8*u + 14, 0 = -5*u + 3*q + 2. What is c(u)?
7
Let z(j) = -2*j**3 + 3*j**2 - 1. Let m be (0 + 1)*(12 + -11). Suppose x = 1 + m. Let u be z(x). Let f(c) = -c**3 - 5*c**2 - c + 2. Determine f(u).
7
Suppose 2*c = 6*c + 36. Let x(q) be the third derivative of -q**5/60 - 5*q**4/12 - 3*q**3/2 + 8*q**2 - 158*q. Give x(c).
0
Let x(f) be the second derivative of f**4/6 - f**3 - 3*f**2/2 + 686*f. Give x(5).
17
Let c(i) = -i**3 - 2*i - 1. Let n(w) = -5*w**3 + 7*w**2 + 3*w - 11. Let x(b) = 4*c(b) - n(b). Calculate x(8).
-17
Let a(z) = -z**2 + z + 49. Let w be a(-7). Let s(v) be the second derivative of v**3/3 - 3*v**2 - 2*v. Determine s(w).
-20
Let z(b) be the second derivative of -b**5/20 + 5*b**4/6 - 3*b**3/2 + 3*b**2/2 + 88*b. What is z(9)?
3
Let q(s) be the second derivative of -s**6/240 + s**5/120 - s**4/3 + s. Let p(c) be the third derivative of q(c). Give p(-3).
10
Let t(d) = 4*d**2 + 2. Let b(m) = 2*m**2 - 28*m + 51. Let l be b(12). Give t(l).
38
Suppose 3*u + 50 = 329. Let d(r) = 83*r - 175*r + u*r + 3 - 2. Suppose 4*c = -n + 11, 3*c - 4 = 2. Calculate d(n).
4
Let m(f) be the third derivative of f**5/60 + f**4/3 + 5*f**3/6 - f**2 + 18*f. Calculate m(-5).
-10
Let s be (0*(-1 + 2))/2. Let w(j) = j. Let u be w(s). Let h(c) = 0*c**2 + 5*c**3 - 2 + u*c**2 - 3*c**3 + 3*c**2. Calculate h(-2).
-6
Let b(q) = 3*q**2 + 20*q - 64. Let l(o) = -o**2 - 7*o + 20. Let i(u) = 2*b(u) + 7*l(u). Determine i(-10).
2
Let v(r) = r**2 + 5*r - 50. Let b be v(-10). Let z(s) be the third derivative of 0 - 1/24*s**4 + b*s + 1/6*s**3 - s**2 + 1/20*s**5. Give z(1).
3
Suppose 4*c + h - 1 = 5*c, -5*c - h = -7. Let m(n) = -4*n - 3 + 15*n**2 + 0*n - 14*n**2 - n**3 + 6*n + 2. Determine m(c).
1
Suppose -6*s + 6 = -4*s. Let v(x) be the third derivative of x**5/60 - x**4/12 + x**3/3 - x**2. Calculate v(s).
5
Let f = 7 + -5. Let r(h) = 13*h + 0*h - f - 10*h + h**3 - h**2. Let a be -3*1/(-1) + -1. Determine r(a).
8
Let v(c) = -4*c**2 + 78*c - 5. Let a(x) = -x**2 + 19*x - 1. Let u(b) = 25*a(b) - 6*v(b). Suppose 0 = 4*f + 4*g - 40, -2*g - 14 - 15 = -5*f. What is u(f)?
5
Let k be (-13 - -1)*33/(-66) - 4. Let z(h) = 2*h**2 - h - 4. Give z(k).
2
Let i be 2/(14/(-10) + 1). Let m(x) = 4*x - 112*x**2 + 2 - 118*x**2 + 336*x**2 - 110*x**2 - x**3. Determine m(i).
7
Let p(k) be the first derivative of -k**3/3 - 3*k**2 + 2*k - 34. Suppose 3*b - 15 = 0, 36 = -0*f - 3*f + 3*b. Determine p(f).
-5
Let r = -12 - -11. Let w(d) = -8*d - 2. Let n be w(r). Let x(q) = q - 4 + q**3 - 4*q**2 + n - q**2. What is x(3)?
-13
Let u(r) = -5 - 4*r - 2*r**2 - 4*r**3 + 5*r**3 + 4 + 4*r**2. Let v be 9/14*-4 - (-114)/(-266). What is u(v)?
2
Let g(f) be the first derivative of f**3/3 + f**2 - 54. Let a(p) = p**2 - 2. Let v be a(-2). Suppose n = -v*n - 12. Give g(n).
8
Let a(y) = -y**2 + 9*y - 10. Let j be a(7). Suppose -5*g - j = -19. Suppose 3*o - 12 = -2*o + g*w, 11 = 5*o - 4*w. Let n(d) = d - 6. Give n(o).
-3
Let q = 39 - 37. Let w(r) be the third derivative of 1/60*r**6 - 1/30*r**5 - q*r**2 + 0 + 1/6*r**3 + 0*r - 1/12*r**4. Calculate w(2).
5
Let f(w) be the third derivative of -w**5/60 + w**4/24 + w**3 - w**2. Suppose 18 - 93 = -3*v. Suppose -2*r + 7*r - v = -2*t, 0 = r - 5. Determine f(t).
6
Let k(p) = 23*p. Suppose 13 = 2*o + 15. Give k(o).
-23
Suppose 7*m - 5 = 9. Suppose 5*w + 1 = -3*s, -5*w = -2*w - m*s + 12. Let h = w - 3. Let k(n) = -3*n + 5. Determine k(h).
20
Let w = -184 - -358. Suppose 0*g + 6*g + w = 0. Let l = -22 - g. Let s(c) = -c**2 + 7*c - 4. Determine s(l).
-4
Let r(j) = -j**3 + 3*j**2 + 4*j. Let i be r(4). Let k(b) be the first derivative of -3*b + 3 - 1/2*b**2. Give k(i).
-3
Let j(q) = -5*q**2 + q. Let b(z) = -z**2 - 12*z - 12. Let o be (-4)/(-3)*(-11)/4*3. Let f be b(o). What is j(f)?
-6
Let g(p) = p + 17. Let a be 3/(-27) + (-4)/((-108)/(-321)). Calculate g(a).
5
Suppose 3*o + 3 - 25 = -5*b, 4*o - 26 = -5*b. Let i(z) = -2*z + 4. Give i(o).
-4
Let g = -38 - -19. Let l = 1 + g. Let d = l + 19. Let c(r) = -r - 1. Give c(d).
-2
Let j(t) be the second derivative of t**5/20 - 7*t**4/12 + t**3/3 - 3*t**2/2 - 39*t. Give j(7).
11
Let s(i) = -i**2 - i + 4. Let q be s(0). Let x(b) = -4*b**2 - 13*b**3 - 18*b**3 - 19*b**3 + 51*b**3 + 5. What is x(q)?
5
Let k(b) = -b**3 - 2*b**2 + 13*b + 26. Let u be k(-3). Let n(d) = -d**2 + 5*d + 4. Give n(u).
-32
Let p(n) = -n**3 - 3*n**2 + 8*n - 7. Let t be p(-5). Let q(k) = -k + 3 - 4*k + t*k. Suppose -r + 25 = 3*b + 9, 0 = -r + 5*b - 16. Determine q(r).
-5
Let b be 3*(-2)/6*-3. Suppose -b*o = -4*o. Let s(m) = -4*m**3 + 5*m**3 + o - m**2 - 4*m**3 + 1. What is s(1)?
-3
Suppose 0 = -5*b - 0*b - 125. Let d = b - -27. Suppose d*n - n = 4. Let h(a) = 3*a - 1. Give h(n).
11
Let y(p) = p**2 - 3*p + 4. Suppose 1 = 4*o - 15. Suppose -o*i = -12, -j - 1 = -3*i + 2. Suppose j*h = -4*s + 4*h + 16, -5*h = 2*s. Give y(s).
14
Suppose -2*n = -1 - 21. Let v = 14 - 8. Let x be (n - v) + 0 + 0. Let d(u) = u**3 - 4*u**2 - 4*u - 2. Give d(x).
3
Suppose -4*m = 12, 0*q - 5*m - 13 = -q. Suppose 19 = 3*h + 4*f, -3 = 5*h - f - 4. Let w(x) = -h - 4*x + 2 - 1 + 2. Give w(q).
10
Let p(w) be the third derivative of -8*w**5/15 - w**4/24 - w**3/6 + 12*w**2 - w. What is p(-1)?
-32
Suppose -10*v + 125 = 95. Let s(g) be the first derivative of g**5/120 - g**4/8 - g**3/3 - 1. Let k(q) be the third derivative of s(q). Calculate k(v).
0
Let v(f) = -7*f**3 - 2*f**2 + 11*f + 15. Let q(h) = 3*h**3 + h**2 - 5*h - 7. Let z(j) = -9*q(j) - 4*v(j). Calculate z(0).
3
Let k(v) = v**3 + 18*v**2 - 17*v + 44. Let i be k(-19). Let q(n) = -n**3 + 5*n**2 + 5*n - 7. Give q(i).
-13
Let w(y) = -10*y**2 - 8*y - 5. Let k(t) = 9*t**2 + 7*t + 4. Let o(f) = -5*k(f) - 4*w(f). Let q be (4/14)/(4/(-28)). What is o(q)?
-14
Let i(q) = -q**2 + 5*q - 8. Let s(t) = 3*t - 4. Let x(l) = 2*i(l) - 5*s(l). What is x(-4)?
-8
Let c be (-12)/66 - 229/11. Let p = 24 + c. Let v(a) = -a**2 + 4. Determine v(p).
-5
Suppose -43 - 9 = -13*i. Let u(d) = 3*d - 7. Let n(l) = -3*l + 6. Let h(j) = 2*n(j) + 3*u(j). Let a be h(i). Let s(r) = 2*r**2 - 3*r - 2. Give s(a).
7
Suppose -5*g - 109 = 4*a + 48, -4*g - 125 = 3*a. Let n = g + 32. Let l(b) = -5*b + 3. What is l(n)?
-12
Let f(o) be the second derivative of o**4/24 + 5*o**3/2 - 7*o**2 - 2*o + 4. Let m(u) be the first derivative of f(u). Let i = -3 - 4. Give m(i).
8
Let o(h) = -h**2 - 6*h - 5. Let w(z) = z**2 + 6*z + 5. Let q be w(-5). Suppose q*j + 3*j = -18. What is o(j)?
-5
Let v(u) = -u**3 - u**2 - u - 4. Suppose 2*h + 10 = -3*z, -2*z + h + 5 = -z. Determine v(z).
-4
Let y(i) be the third derivative of i**5/15 - i**4/24 + 105*i**2. Determine y(-1).
5
Let m = 2 + 3. Suppose 3*w - 12 = m*w. Let v(l) = -5*l - 101 + 197 - 94 - 2*l - l**2. Calculate v(w).
8
Let t(h) = h**2 + 5*h - 3. Suppose 0*z - 3*z = -174. Let y be (-3)/8 - z/16. Determine t(y).
-7
Let v(c) be the third derivative of c**8/6720 - c**7/504 - c**6/120 + c**5/24 - c**4/8 - 5*c**2. Let k(y) be the second derivative of v(y). Calculate k(6).
5
Let v(u) = u + 8. Suppose g + y = 6, -2*g + 25 = -5*y + 27. Give v(g).
12
Let f = -861 - -855. Let m(w) = 4*w + 12. Determine m(f).
-12
Let q(i) = i + 6. Let p = -109 + 105. Calculate q(p).
2
Let z(d) be the second derivative of d**4/12 - 5*d**3/6 + 2*d**2 - 77*d. Let o be 0/(4/8*4) - -4. Calculate z(o).
0
Suppose 5*a - 25 - 4 = -3*s, 0 = -s - 5*a + 3. Suppose -3*t + 28 - 9 = 4*q, 3*t - 2*q - s = 0. Let w(b) = -b**2 + t*b**2 + 0*b**2 + 0*b**2 + b. Give w(-1).
3
Let s(l) = -2*l**2 + 4*l**2 - 2 - l - 3*l**2. Let c = 7 - 17. Let f(g) = g**3 + 10*g**2 - 2*g - 20. Let y be f(c). Calculate s(y).
-2
Let l = -3 + 17. Let x = l - 13. Let j(y) = 14*y**3 + y**2. Give j(x).
15
Suppose 4*t = 3*t. Let u(s) = 3*s**2 + s**3 - s + 2 - 1 - 2 + t*s**2. Suppose -f = -5*w - 14, -2*w + 2*f = -3*f + 1. Calculate u(w).
2
Let r(o) = o**3 - 2*o**2 - o + 1. Suppose -v = -6*v + 25. Let n = 197 + -191. Suppose 0 = 3*g - v*g + n. Give r(g).
7
Suppose 7*x = -10 + 3. Let l be (-2 + -1 + 1)*x. Let j(r) be the second derivative of r**3/3 + r**2/2 + r. Determine j(l).
5
Let w(q) = -55*q - 48*q + 171*q - 49*q. What is w(-2)?
-38
Suppose -z = -5*o - 10, 3*z + o - 14 = -0*o. Let i(f) = 1 + z*f - 2 - 4*f. Give 